False
Suppose 2*f + 2*f - 2100 = 0. Is 2/(6/f) - -2 prime?
False
Let q be 4 + (-4 - -3) + 3. Let t(n) = -n**2 + 12*n + 1. Is t(q) a prime number?
True
Let g = 3 - -2. Suppose -2*y + 2*z = 6*z - 264, z - 633 = -g*y. Let r = -89 + y. Is r composite?
False
Let q = 785 + -438. Is q a prime number?
True
Suppose 5*v + 56 = -3*h - 0*v, h + 5*v + 2 = 0. Let n be (-6)/h + 25/9. Suppose n*x = 4*x - 4. Is x prime?
False
Suppose -2*w + 256 + 106 = 0. Suppose 0 = 2*l - u - w, 2*l + u - 7 = 176. Is l prime?
False
Let g = 21 + -14. Is g prime?
True
Suppose -1563 = -3*h - 0*h. Is h prime?
True
Let m be (-1)/(-5) - (-212)/(-10). Let p = 31 + m. Suppose -o - 2*o = -i + 2, 5*i + 4*o - p = 0. Is i composite?
False
Let d(k) be the first derivative of k**2/2 - 3*k + 2. Let w be d(6). Suppose 0*x - w*x - 51 = -3*g, -5*x = 2*g - 48. Is g composite?
False
Let d = 25 - 11. Is 539/d*(-1 - -3) a composite number?
True
Let b = -2 - -4. Suppose -b*u + 3*u = 15. Is u composite?
True
Suppose 107 = -j - 3*w - 2*w, j + 2*w + 95 = 0. Let q = 26 + j. Let a = q + 150. Is a a composite number?
False
Suppose 4*s = -2*h + 2090, -s = 3*h + 2*s - 3132. Is h composite?
True
Let d(i) be the third derivative of i**7/5040 + i**6/72 - i**5/60 + i**2. Let f(q) be the third derivative of d(q). Is f(0) a composite number?
True
Suppose 12 = 2*s - 3*c, 5*s = -c + 2*c + 56. Let g be (2 - s)*3/(-5). Suppose -g = l - 2*l. Is l a composite number?
True
Suppose 105 - 585 = -5*y. Suppose y = 4*z - 236. Is z a prime number?
True
Let z be 2/6 - 11115/(-27). Suppose 4*h = -2*q + z, -4*q = -3*h + h - 804. Is q prime?
False
Let v(a) = -5*a**3 + 4*a**2 + 2*a - 3. Let o be v(-4). Suppose -4*i - j = -o, 4*j - 718 + 249 = -5*i. Is i a prime number?
False
Let u(p) = 4*p - 3. Let n be u(2). Suppose n*i - 355 = -0*i. Is i a composite number?
False
Let u = -2 - -5. Suppose -7*v = -u*v + 24. Is (-182)/v + 8/12 prime?
True
Let n = -6 + 8. Suppose -3*u = -0*l - 2*l + 17, -n = -2*u - 2*l. Is -1*u/(-6)*-14 a composite number?
False
Suppose -4*v + 135 = -397. Is v a prime number?
False
Let q(f) = -9*f - 6. Let l = -15 - -11. Let o be q(l). Is 4/(8/o) + -2 a composite number?
False
Let f(y) = 4*y**2 - 22*y + 19. Is f(-18) prime?
False
Let v = 258 + -109. Is v a composite number?
False
Let c = -455 + 696. Let a = 426 - c. Is a prime?
False
Let u(s) = -s**2 + s - 5. Let t be u(-5). Is (-2)/1 - t/1 a composite number?
True
Suppose 0 = -2*c - 2*c - 8. Is (5 + -4)/(c/(-134)) a prime number?
True
Suppose -2*z - 82 = 5*m - 869, 0 = 5*m - 3*z - 807. Is m composite?
True
Let c be 1 - -2*(3 + -2). Suppose -5*n = -2*j + 561 - 67, 791 = c*j + 5*n. Is j prime?
True
Let y(r) = r**3 - 2*r**2 + 3*r + 3. Let c be y(4). Suppose 19 = 3*h - 4*z + 7, 4*h + 5*z - c = 0. Let f(o) = -o**2 + 8*o + 6. Is f(h) a composite number?
True
Let l(o) = 4*o**2 + 2*o - 7. Let x be l(-6). Suppose x = 5*k - 5*q, 0 = -4*k + 2*k + 4*q + 54. Is k composite?
False
Let q(z) = 3 - 4 - 1 - 12*z + 3. Is q(-2) prime?
False
Suppose -9*i + 130 = -4*i. Suppose 2*y - 420 = i. Is y composite?
False
Let t = -209 - -376. Let p = 81 - t. Let k = -55 - p. Is k a prime number?
True
Let v = 237 + -58. Is v a prime number?
True
Suppose 4*m + 3*m = 2149. Is m a prime number?
True
Is (0/(-4))/2 + 35 a prime number?
False
Let x = -2 + 4. Suppose x*d + k - 60 = 0, 0 = 2*d - k - 75 + 11. Is d prime?
True
Let s = 782 - 261. Is s a prime number?
True
Let x be (-3)/(-5) - 10/(-25). Let t(s) = 13*s - 3 - 2 + 2 - x. Is t(3) prime?
False
Suppose -5*o + 1219 = 4*c, 2*c - 5*o = 28 + 559. Is c prime?
False
Let b = 731 - 480. Is b a composite number?
False
Let k = 168 - 89. Is k prime?
True
Suppose 5*b - 20 = 5*a, 2*b + 9 = -a + 4*b. Suppose -3*h + 11 = -5*v, 4*v + 3 + 7 = 2*h. Is -13*(h + a*-4) a composite number?
True
Suppose -5*f + 2*f = -4*a - 2, -f - a - 4 = 0. Is -2 + (-4 - f) + 23 a prime number?
True
Suppose -7*h - 25 = -606. Is h composite?
False
Let p(i) = -i**3 - 7*i**2 + i + 9. Let f be p(-7). Suppose -2*n - 707 = -f*a - 3*n, 0 = 4*a + 5*n - 1405. Is a composite?
True
Let o = -15 - -11. Let b be ((-8)/(-5))/(o/(-10)). Suppose 6*y = b*y + 62. Is y composite?
False
Let q(y) be the second derivative of 13*y**5/10 - y**4/12 - y**3/6 + y**2/2 + y. Is q(1) prime?
False
Let b(k) = 2299*k**2 + 3*k + 11. Is b(-2) a composite number?
True
Let w be 1/2*(-2 + 10). Is (-198)/(-4) - 2/w a prime number?
False
Let i = 8 - -27. Is i composite?
True
Let k = -8 + 23. Is k a composite number?
True
Let s be (10 - 13)/(3/(-2)). Is (7/4)/(s/1016) a prime number?
False
Is 1268/8*(-8)/(-12)*6 prime?
False
Let p(n) = -2*n**2 + 3*n + 4. Let b be p(3). Let q(r) = -3*r + 4. Is q(b) composite?
False
Suppose 3*m - 208 = 77. Let r(v) = -v**3 - v**2 + 7. Let j be r(0). Suppose 2*z = j*z - m. Is z composite?
False
Suppose 3*q = -31 - 5. Is q/(-9)*45/6 composite?
True
Let x(w) = -w**2 - 6*w - 4 + 0*w + 0. Let s be x(-3). Suppose -4*j + 35 = s*y + 12, -2*j + 29 = 5*y. Is y prime?
True
Suppose -4*b + 27486 + 10969 = 3*j, -5*j + 9618 = b. Is b prime?
True
Let y = 8 - 3. Suppose u = -1, 0 = y*f + u - 5*u - 339. Is f composite?
False
Let w = 4 + -1. Let p(u) = 4*u**2 + 3*u + w - 2*u**2 - 6*u. Is p(-4) a prime number?
True
Let t(c) = 3*c**2 - 9*c + 1. Let a be t(-6). Let m = 536 - a. Is m prime?
True
Suppose 4*x - 2434 = 2*x. Is x prime?
True
Let k(m) be the second derivative of 37*m**3 - m**2/2 - 7*m. Is k(1) composite?
True
Suppose 5*t - 275 - 190 = 0. Suppose 182 + 105 = 3*o + g, -g + t = o. Is o a prime number?
True
Let d(k) = -k**3 - 9*k**2 + 9*k - 6. Let q be d(-10). Suppose q*w = -w + 665. Is w composite?
True
Let a(s) = -s**2 + 14*s. Is a(11) a prime number?
False
Let j(s) = 164*s**3 - s**2. Suppose k - 5 = -4*k. Is j(k) prime?
True
Suppose -4*t - 20 = 0, -4*w - 2*t - 1 = -7. Let x be -4*(1/(-2))/1. Suppose 3*b = i - 8 + w, x*b - 105 = -5*i. Is i a composite number?
False
Suppose 4 = v + 3*v. Let q = 4 + v. Let h = q + 28. Is h a prime number?
False
Suppose 0 = -h - 0*h - 69. Let a = 376 - h. Is a composite?
True
Suppose 0 = -s + 565 + 994. Is s composite?
False
Suppose 5*t = 3377 + 1178. Is t a prime number?
True
Let p = 2 + -4. Is (815/(-10))/(1/p) composite?
False
Let i(a) = 5*a + 5. Let f be 30/25*(-15)/(-2). Let y be i(f). Suppose 187 + y = 3*d. Is d composite?
False
Let a(z) = 104*z + 5. Is a(3) prime?
True
Suppose 5*m - s - 4 = 8, -2*m + 8 = -2*s. Let b be (8/10)/(m/(-5)). Is (b - 0)/(6/(-9)) a composite number?
False
Suppose 0 = 3*t - 6 - 15. Let g(d) = 9*d - 3. Let n be g(t). Suppose 0*a - n = -4*a. Is a prime?
False
Let c = -15 + 5. Let y = 471 - c. Is y composite?
True
Suppose 0 = 2*v - 4 - 6. Suppose -8 = -v*d + 7. Suppose -d*m + 7 = -2. Is m composite?
False
Let b be (-1)/3 - 462/(-63). Let y = -11 + 19. Is y/(-28) + 79/b prime?
True
Suppose -2*m + 5*l = 138, -4*m - 3*l - 473 = -145. Let t = m - -162. Is t composite?
False
Suppose 0 = -5*u + w + 1110, -882 = -6*u + 2*u + 2*w. Is u composite?
False
Suppose -2*i = 3*w - 11, 8 = 4*w + 4*i - 8. Suppose -r + w*r - 28 = 0. Is r a prime number?
False
Let y = -89 + 164. Let b = y + -52. Is b prime?
True
Suppose 1059 + 277 = 4*j + 4*f, -4*j + f = -1321. Is j a composite number?
False
Suppose -710 = -6*z + 244. Is z composite?
True
Suppose -w + 253 = -q, 2*q + 757 = 5*w - 2*w. Is w a prime number?
True
Let l = 1345 - -682. Is l composite?
False
Let d = 129 + 122. Is d composite?
False
Let k = -2388 - -4441. Is k a prime number?
True
Let m(l) be the first derivative of -l**3/3 - 5*l**2 - 6*l - 4. Is m(-9) a prime number?
True
Let m = 4 + -9. Is 2/10 - 64/m a prime number?
True
Suppose 0 = 4*x + 495 - 1771. Is x a composite number?
True
Let g(t) = -12*t - 3. Let r be g(-9). Let h be (-2)/(-1) - 108/2. Let i = r + h. Is i a prime number?
True
Let y(q) = -q**3 - 8*q**2 + 11*q + 4. Let i(j) = j**2 - j. Let b(w) = 5*i(w) + y(w). Let z be b(-4). Is (-14)/z*(-12)/(-7) a composite number?
True
Let m(r) = -19*r + 1. Let q be m(2). Let j = 16 - q. Suppose -j + 208 = 5*f. Is f prime?
True
Let i = 250 - 101. Is i prime?
True
Let b(l) = l**2 + 5*l + 5. Let o be 27/6 + (-1)/(-2). Suppose -o*a = -a + 24. Is b(a) prime?
True
Suppose 0 = -s + 2*j + 1689, -2*j - j = -2*s + 3380. Is s prime?
True
Let z be -2 + 9 - 4 - -585. Let b = z + 131. Is b prime?
True
Suppose -2*p - 4 